r when r is divided by 225.
53
Suppose 5*w - 24*p = -20*p + 869, -w + 151 = 3*p. Calculate the remainder when w is divided by 162.
7
Suppose -5*k + 238 = 2*y, 5*y - 5*k - 628 = -k. Suppose -6*b + 214 - y = 0. What is the remainder when 868 is divided by b?
13
Suppose -40 = -3*z + 8*z. What is the remainder when (-6)/((-12)/(-14)) - (-155)/5 is divided by 2/z - 53/(-4)?
11
What is the remainder when 42 is divided by (1 + 10)*(62 + -59)?
9
Suppose -4*h = -l - 825, -2*h + 12*l - 16*l + 390 = 0. Calculate the remainder when h is divided by 54.
43
Let d(q) = -7*q + 16. Let b(g) = -8*g + 17. Let c(f) = -3*b(f) + 2*d(f). Let o be ((-18)/10)/(27/(-90)). What is the remainder when c(o) is divided by 7?
6
Let g(i) = -2*i**3 - 5*i**2 - 5*i - 2. Calculate the remainder when 83 is divided by g(-3).
17
Let v(p) = -3*p**3 - 11*p**2 - 7*p - 4. Let c be v(-5). Let w = c + -27. What is the remainder when w is divided by 7?
6
Let m(q) = 69*q + 54. Let r be m(6). Suppose -4*u = -2*i + 302, -i - r = -4*i + u. Calculate the remainder when i is divided by 43.
28
Let x = 22154 - 22099. What is the remainder when 18259 is divided by x?
54
Let z(c) = -2*c + 52. Let x = -321 + 337. Calculate the remainder when 75 is divided by z(x).
15
Let c(j) = 2*j**2 - 16*j + 9. Let z be c(8). Suppose 0 = -16*h + z*h + 161. Calculate the remainder when h is divided by 2.
1
Let q = -19 + 35. Let f = -7848 - -7939. Calculate the remainder when f is divided by q.
11
Let d be -141*((-42)/18 - 0). Let b = -204 + d. Let v = 17 + -1. Calculate the remainder when b is divided by v.
13
Let y(i) = -14*i**3 + 5*i**2 - 13*i - 8. Let j be y(-9). Let o be -4 + (-3 - (-3 - j)). Calculate the remainder when o/171 - ((-1)/(-3))/(-1) is divided by 16.
15
Let g(o) = 6*o**2 + 22*o + 35. Let p = -21 - -45. Calculate the remainder when p is divided by g(-2).
9
Let b be 5 + -6 + 798 + -9. Let g = b + -634. What is the remainder when g is divided by 75?
4
Suppose 7550 = 6*m + 6*m + 2186. Calculate the remainder when 2237 is divided by m.
2
Suppose -36*y = -40*y. Let o be (-1*562)/((-8)/4). Suppose 5*g + 4*u = 25 + o, y = 3*g + u - 178. What is the remainder when g is divided by 20?
18
Suppose -1122 = -4*a - 186. Calculate the remainder when a is divided by ((-528)/(-72) - 6)/((-7)/((-6636)/16)).
76
Suppose -13*p + 17 + 74 = 0. Suppose -13*a - 38 = -15*a. Calculate the remainder when a is divided by p.
5
Let y be -12 + 14 - 82*1. Let g = y - -119. What is the remainder when 75 is divided by g?
36
Let y = -11 + 310. Calculate the remainder when 601 is divided by y.
3
What is the remainder when 9306/11 + (-11 - -9) is divided by 149?
99
Suppose -31 = 3*a - 5*z, -2*a + 3*z - 22 + 1 = 0. Let j(g) = 10*g + 40. Let b be j(a). Let v = b - -85. What is the remainder when 23 is divided by v?
3
What is the remainder when 171 is divided by 429*(-4)/(-120) - (-6)/(-20)?
3
Suppose -4*l = -3*r + 3532, -l - 1713 = -r - 535. Suppose 13*h - 18*h = -r. Let j = h + -132. What is the remainder when j is divided by 15?
14
Let u(x) = -4*x**3 - 3*x**2 - 2*x + 7. Let f be u(-3). Let j = 114 - f. Calculate the remainder when 239 is divided by j.
19
Let n(k) = -5*k**3 + 15*k**2 + 36*k - 14. Calculate the remainder when n(-8) is divided by 14.
12
Let y(d) = -23*d**3 + 120*d**2 - 17*d - 22. Let g(o) = -144*o**3 - o**2 - o - 1. What is the remainder when g(-1) is divided by y(5)?
17
Suppose -f = w - 198, 3 + 3 = 3*w. Let z = -146 + f. Calculate the remainder when z is divided by 18.
14
Let q(z) = z + 6*z**2 + 5 + 15*z**2 - 4. Let d = 4 - 5. What is the remainder when 61 is divided by q(d)?
19
Let g(t) = 30*t**2 - 208*t + 91. What is the remainder when g(13) is divided by 41?
38
Suppose -20548 = -70*v - 175*v + 38497. What is the remainder when v is divided by 115?
11
Suppose 0 = -3*y - 12, 0*t - y + 88 = t. What is the remainder when t is divided by 83?
9
Let v(b) = b - 19. Let z be v(24). Suppose 5*y - 3*k = 102, -z*k - 1 = -6. Calculate the remainder when 31 is divided by y.
10
Let n(l) = 2*l**2 - 50*l - 3. Let i be n(28). Let o = i - 36. Calculate the remainder when o is divided by 26.
25
Suppose 3*o = 3*v - v + 206, -4*o = 4*v - 248. Let k(w) = -1294*w + 15545. Calculate the remainder when o is divided by k(12).
15
Let i(g) = 2*g**2 - 137*g + 2135. What is the remainder when i(17) is divided by 363?
21
Suppose 44 = 31*c - c - 946. Suppose 2*w + 20 = -4. What is the remainder when c is divided by (-210)/w - (-1)/2?
15
Suppose -393045 - 209920 = -95*f. Calculate the remainder when f is divided by 46.
45
What is the remainder when (-147 - 149)*((-12)/42 + 5/(-7)) is divided by 32?
8
Suppose -v + 51 = -5*a, -32*a + 35*a + 3 = 0. Calculate the remainder when 178 is divided by v.
40
Suppose 0 = -29*t + 8619 - 7662. Suppose 0 = -3*h + l + 32, -2*h + 4*l + 50 = 12. Calculate the remainder when t is divided by h.
6
Suppose 4*c = -2*o + 48, 4*c + 6*o = o + 72. What is the remainder when 2429 is divided by c?
5
Let i be (3 + 82)*(-2)/(-2) + -3. Let n be i/3*1*(-24)/(-16). Suppose 3*f + 3*c + n = 4*f, c = f - 45. Calculate the remainder when f is divided by 24.
23
Let x be 86/12 - (-4)/(12*-2). Let o be ((-4)/(-8))/((x/(-24))/7). What is the remainder when 42 is divided by 118/8 - (15/o)/5?
12
Let v = 75 - 59. Let i be (v/12)/4*9 + 36. Suppose 23 + 2 = x + 3*l, 3*x - i = 3*l. Calculate the remainder when 29 is divided by x.
13
Let k = 3135 - 3075. Calculate the remainder when 652 is divided by k.
52
Suppose 3*a - 15 = 0, -1203*r = -1198*r + 5*a - 120. Suppose m + 2 = 0, 0 = -v - v - 4*m + 52. Calculate the remainder when v is divided by r.
11
Let l = 6333 - 6296. What is the remainder when 162 is divided by l?
14
Let n(u) = 123*u**2 + 52*u - 75. What is the remainder when n(9) is divided by 3451?
3
Calculate the remainder when (-6 - (-11)/2)*-1*1324 is divided by 74.
70
Suppose 18*z = 20*z - 30. Suppose 12*j - 80 = 2*j. Suppose -2*l + 2*h + 120 = 0, -4 = 4*h + j. Calculate the remainder when l is divided by z.
12
Let a(y) = 8*y**2 + 2*y + 1. Let s be a(-1). Let o = s + 2. Let l = 4019 + -3975. Calculate the remainder when l is divided by o.
8
What is the remainder when 432 is divided by (-1936)/(-19) - (4 - ((-4284)/(-266) - 12))?
24
Let w(n) = 10*n + 254. Let q be w(-25). Let g(d) = -18 + 8*d + 10*d - 6*d. What is the remainder when 87 is divided by g(q)?
27
Let i(j) be the second derivative of -j**3/6 - 3*j**2 + 8*j. Let s be i(-7). What is the remainder when 16 is divided by (9/(-3))/(s + -2)?
1
Suppose -1974*b + 12450 = -1944*b. Calculate the remainder when b is divided by 10.
5
Let o be ((-12)/(-30))/(2/(-560)). Let n = -210 - o. Let d = n - -104. What is the remainder when d is divided by 1?
0
Suppose 0 = -2*f + 7*f + 540. Let v be (-24)/f - (-770)/18. Let l = -25 + v. What is the remainder when l is divided by 5?
3
What is the remainder when 3672 is divided by (-11 - -5)*(-4)/((-120)/(-735))?
144
Let w = -4517 + 4565. Calculate the remainder when 161 is divided by w.
17
Let c be ((1 + 15)/(-8))/(-1). Calculate the remainder when 89 is divided by (-2)/((1/c)/(270/(-120))).
8
Calculate the remainder when (2968/(-224))/((-1)/12) is divided by (-3 - 57/(-2))/((-3)/(-2)).
6
Suppose 868 = -2*r + 2*y + 2168, -2630 = -4*r - 2*y. Calculate the remainder when r is divided by 160.
15
Let l be ((-1)/(-3))/((-7)/(-651)). Suppose h - 26 = l. Let t(w) = 7*w + 551. What is the remainder when h is divided by t(-77)?
9
Let d(i) = 204*i - 992. Calculate the remainder when d(7) is divided by 37.
29
What is the remainder when 397 + -3 - (-8 - (1 + -6)) is divided by 20?
17
Let g(t) = -t**3 - 50*t**2 + 88*t - 823. Calculate the remainder when 928 is divided by g(-52).
1
Let p(d) = 2*d**2 + 9*d - 15. Let n be p(-6). Suppose 3*q + 2*h - 21 - 67 = 0, n*q + 4*h = 86. Calculate the remainder when 82 is divided by q.
22
Suppose 5916 + 8522 = 96*t + 3686. What is the remainder when 391 is divided by t?
55
Let q = 336 - 90. Let n = q - 128. Calculate the remainder when n is divided by 12.
10
Let r be (1 + -2)/(-1 + 2). Suppose -101*q = 8*q - 1199. What is the remainder when (r/3)/((-1)/249) is divided by q?
6
Let y = 544 + -530. Suppose -41*t = -y*t - 891. What is the remainder when 64 is divided by t?
31
Let f = 61 + -48. Let i(k) = k**2 - 13*k + 34. Calculate 